 of 38605357?
5
What is the hundred thousands digit of 6414821?
4
What is the thousands digit of 81417097?
7
What is the hundred thousands digit of 902773539?
7
What is the hundred millions digit of 1409999462?
4
What is the ten thousands digit of 3097882514?
8
What is the hundreds digit of 52132337?
3
What is the ten millions digit of 8896044131?
9
What is the ten millions digit of 599753325?
9
What is the hundred thousands digit of 489793496?
7
What is the ten thousands digit of 2392710727?
1
What is the units digit of 5395976874?
4
What is the hundred thousands digit of 32433227?
4
What is the hundred thousands digit of 18458188?
4
What is the tens digit of 3912514873?
7
What is the millions digit of 40468171?
0
What is the hundred thousands digit of 46095807?
0
What is the millions digit of 21848536?
1
What is the tens digit of 105983346?
4
What is the ten thousands digit of 105254467?
5
What is the millions digit of 57276553?
7
What is the billions digit of 3110159250?
3
What is the hundred thousands digit of 538370403?
3
What is the units digit of 1720475283?
3
What is the ten millions digit of 30010704?
3
What is the hundred thousands digit of 130796336?
7
What is the hundreds digit of 3717865?
8
What is the tens digit of 1469702144?
4
What is the hundreds digit of 3183196513?
5
What is the tens digit of 56189875?
7
What is the ten millions digit of 109694605?
0
What is the ten millions digit of 12866584?
1
What is the thousands digit of 60931754?
1
What is the thousands digit of 904840?
4
What is the ten millions digit of 1272518453?
7
What is the ten millions digit of 2281930501?
8
What is the ten millions digit of 29718687?
2
What is the tens digit of 4647287?
8
What is the ten millions digit of 1666730028?
6
What is the tens digit of 78230213?
1
What is the units digit of 3512516244?
4
What is the hundred millions digit of 846345428?
8
What is the billions digit of 3840540189?
3
What is the ten millions digit of 54748656?
5
What is the ten thousands digit of 148684963?
8
What is the millions digit of 1018977342?
8
What is the millions digit of 428692954?
8
What is the ten thousands digit of 399078818?
7
What is the hundred thousands digit of 159002504?
0
What is the tens digit of 300014760?
6
What is the units digit of 15351630?
0
What is the units digit of 275605769?
9
What is the hundred thousands digit of 117914375?
9
What is the thousands digit of 824600722?
0
What is the tens digit of 5453639?
3
What is the billions digit of 1278900407?
1
What is the tens digit of 63135672?
7
What is the hundred millions digit of 2447601661?
4
What is the thousands digit of 737263256?
3
What is the tens digit of 170204037?
3
What is the units digit of 32019598?
8
What is the units digit of 416434923?
3
What is the millions digit of 1315191663?
5
What is the hundreds digit of 4880743289?
2
What is the hundred millions digit of 685571256?
6
What is the ten thousands digit of 589601524?
0
What is the thousands digit of 646582295?
2
What is the hundred thousands digit of 1900417539?
4
What is the units digit of 9447704?
4
What is the hundred thousands digit of 16400072?
4
What is the hundreds digit of 23501421?
4
What is the ten thousands digit of 1322110813?
1
What is the units digit of 109156584?
4
What is the units digit of 150698770?
0
What is the tens digit of 11780956?
5
What is the millions digit of 2555576262?
5
What is the ten thousands digit of 156155522?
5
What is the hundreds digit of 2811641708?
7
What is the ten thousands digit of 853922097?
2
What is the units digit of 500723993?
3
What is the hundred thousands digit of 9583967?
5
What is the hundred thousands digit of 594636454?
6
What is the ten thousands digit of 32612614?
1
What is the hundreds digit of 5510214559?
5
What is the hundred thousands digit of 207237256?
2
What is the billions digit of 1527923666?
1
What is the tens digit of 631093214?
1
What is the hundred millions digit of 1955046613?
9
What is the hundreds digit of 72523694?
6
What is the tens digit of 70507820?
2
What is the millions digit of 2181085131?
1
What is the units digit of 2829207859?
9
What is the ten millions digit of 30658356?
3
What is the hundreds digit of 1134476101?
1
What is the hundred thousands digit of 31616328?
6
What is the ten millions digit of 30700385?
3
What is the hundreds digit of 229852808?
8
What is the ten millions digit of 1326105634?
2
What is the millions digit of 3371743137?
1
What is the tens digit of 221506?
0
What is the hundred thousands digit of 228238102?
2
What is the hundred thousands digit of 500787131?
7
What is the hundreds digit of 225880657?
6
What is the hundreds digit of 166655127?
1
What is the units digit of 50463877?
7
What is the tens digit of 3584520556?
5
What is the thousands digit of 1256363753?
3
What is the billions digit of 3228082474?
3
What is the hundreds digit of 3765216544?
5
What is the thousands digit of 51145890?
5
What is the millions digit of 56932412?
6
What is the millions digit of 499456222?
9
What is the ten thousands digit of 47048654?
4
What is the millions digit of 39048959?
9
What is the ten thousands digit of 927110232?
1
What is the millions digit of 41544012?
1
What is the ten thousands digit of 23264071?
6
What is the billions digit of 1156501931?
1
What is the hundred thousands digit of 367548575?
5
What is the thousands digit of 30988331?
8
What is the thousands digit of 41323400?
3
What is the thousands digit of 36133984?
3
What is the hundred thousands digit of 570866858?
8
What is the ten thousands digit of 58907424?
0
What is the ten thousands digit of 2470599450?
9
What is the ten millions digit of 443516052?
4
What is the thousands digit of 441677423?
7
What is the thousands digit of 413970754?
0
What is the tens digit of 1031540894?
9
What is the tens digit of 90150928?
2
What is the units digit of 753238819?
9
What is the thousands digit of 339673883?
3
What is the thousands digit of 4132513531?
3
What is the thousands digit of 9240844?
0
What is the billions digit of 1788188033?
1
What is the units digit of 20465950?
0
What is the hundreds digit of 16975514?
5
What is the hundred millions digit of 1243126487?
2
What is the hundreds digit of 2678101673?
6
What is the thousands digit of 183198423?
8
What is the thousands digit of 99091657?
1
What is the hundred thousands digit of 54444478?
4
What is the hundred thousands digit of 1335152681?
1
What is the units digit of 31391883?
3
What is the hundred thousands digit of 532102173?
1
What is the hundred millions digit of 253243573?
2
What is the hundreds digit of 321552810?
8
What is the hundred millions digit of 3103696955?
1
What is the ten thousands digit of 294616760?
1
What is the tens digit of 244327?
2
What is the hundred millions digit of 105066607?
1
What is the tens digit of 1923808190?
9
What is the hundreds digit of 3601749?
7
What is the units digit of 22738003?
3
What is the hundreds digit of 1446042405?
4
What is the thousands digit of 101395166?
5
What is the units digit of 1006219188?
8
What is the tens digit of 127065124?
2
What is the hundred millions digit of 805291756?
8
What is the hundreds digit of 803361155?
1
What is the thousands digit of 107906546?
6
What is the ten thousands digit of 171150651?
5
What is the tens digit of 980460840?
4
What is the tens digit of 6651697?
9
What is the units digit of 506359547?
7
What is the tens digit of 46080146?
4
What is the thousands digit of 93678528?
8
What is the tens digit of 136184005?
0
What is the tens digit of 622472655?
5
What is the billions digit of 5953299021?
5
What is the millions digit of 4068455991?
8
What is the tens digit of 115654179?
7
What is the thousands digit of 308873917?
3
What is the billions digit of 3677577615?
3
What is the tens digit of 147367133?
3
What is the thousands digit of 34557980?
7
What is the ten millions digit of 659161156?
5
What is the hundred thousands digit of 280570781?
5
What is the units digit of 617897377?
7
What is the billions digit of 2171793825?
2
What is the ten millions digit of 24108682?
2
What is the hundred thousands digit of 55863032?
8
What is the ten thousands digit of 5341307201?
0
What is the billions digit of 2635652040?
2
What is the hundre